base 4) in base 11?
16
86 (base 12) to base 6
250
What is -64 (base 11) in base 4?
-1012
What is 11 (base 2) in base 16?
3
10112 (base 3) to base 8
137
What is -9 (base 14) in base 11?
-9
What is 10 (base 14) in base 15?
e
What is 11 (base 8) in base 10?
9
What is 176 (base 8) in base 9?
150
Convert -13 (base 4) to base 9.
-7
66 (base 14) to base 16
5a
-6 (base 12) to base 11
-6
What is -11 (base 3) in base 6?
-4
What is 47 (base 12) in base 9?
61
146 (base 7) to base 3
10002
What is -16 (base 15) in base 10?
-21
-52 (base 16) to base 5
-312
-3 (base 4) to base 10
-3
What is 3 (base 12) in base 6?
3
What is 13 (base 4) in base 15?
7
What is 1 (base 8) in base 14?
1
What is 239 (base 11) in base 3?
101112
What is 10 (base 8) in base 13?
8
What is -13 (base 12) in base 7?
-21
18 (base 11) to base 14
15
What is 101 (base 2) in base 14?
5
What is 2 (base 5) in base 10?
2
What is 13c (base 16) in base 6?
1244
What is -3 (base 12) in base 6?
-3
What is 6d (base 14) in base 15?
67
Convert 2 (base 11) to base 3.
2
Convert -5 (base 14) to base 8.
-5
What is 1a (base 15) in base 5?
100
What is 3 (base 5) in base 13?
3
What is -1 (base 14) in base 6?
-1
Convert 100 (base 12) to base 8.
220
What is -4 (base 6) in base 12?
-4
Convert -120 (base 9) to base 16.
-63
What is 23 (base 12) in base 10?
27
Convert 1305 (base 6) to base 12.
235
What is -4 (base 5) in base 4?
-10
56 (base 14) to base 3
2211
143 (base 6) to base 13
4b
5 (base 10) to base 9
5
Convert 20 (base 7) to base 6.
22
Convert 10010110 (base 2) to base 4.
2112
Convert 3 (base 14) to base 11.
3
-12 (base 3) to base 15
-5
What is -120 (base 9) in base 6?
-243
What is -1 (base 9) in base 14?
-1
13 (base 12) to base 7
21
What is -111 (base 2) in base 14?
-7
-11100 (base 2) to base 5
-103
What is 300 (base 6) in base 7?
213
What is -6 (base 8) in base 11?
-6
Convert 15 (base 12) to base 9.
18
What is -131 (base 4) in base 7?
-41
What is -3 (base 4) in base 16?
-3
0 (base 6) to base 4
0
1 (base 14) to base 10
1
Convert -20 (base 3) to base 2.
-110
What is -43 (base 13) in base 4?
-313
-14 (base 7) to base 10
-11
What is 57 (base 9) in base 7?
103
-320 (base 4) to base 14
-40
1 (base 4) to base 2
1
10 (base 16) to base 13
13
Convert 4 (base 7) to base 6.
4
-2 (base 13) to base 12
-2
-211 (base 3) to base 7
-31
What is -25 (base 9) in base 14?
-19
What is 222 (base 5) in base 8?
76
1 (base 2) to base 9
1
190 (base 11) to base 3
22011
What is -1110 (base 2) in base 14?
-10
What is 220 (base 3) in base 12?
20
What is -10 (base 9) in base 12?
-9
146 (base 12) to base 13
123
Convert -2 (base 8) to base 4.
-2
What is -1 (base 7) in base 4?
-1
Convert 2 (base 6) to base 2.
10
What is a8 (base 11) in base 5?
433
What is -32 (base 5) in base 16?
-11
13 (base 12) to base 14
11
-6 (base 8) to base 16
-6
Convert -10 (base 2) to base 6.
-2
-13 (base 6) to base 9
-10
What is 2131 (base 4) in base 9?
184
What is 4 (base 14) in base 9?
4
Convert -18 (base 11) to base 6.
-31
Convert a (base 12) to base 9.
11
What is 4 (base 6) in base 10?
4
What is -63 (base 9) in base 6?
-133
Convert 4 (base 10) to base 14.
4
What is 15a (base 16) in base 14?
1aa
-2 (base 3) to base 10
-2
What is -2 (base 6) in base 13?
-2
Convert 8 (base 15) to base 4.
20
7 (base 11) to base 16
7
What is 10 (base 2) in base 13?
2
What is -4 (base 15) in base 5?
-4
What is 2 (base 4) in base 10?
2
Convert 11 (base 4) to base 10.
5
24 (base 14) to base 15
22
What is 3 (base 13) in base 15?
3
44 (base 5) to base 10
24
-1223 (base 4) to base 13
-83
Convert 10000 (base 2) to base 12.
14
Convert -11 (base 7) to base 9.
-8
3 (base 15) to base 13
3
What is -3 (base 7) in base 13?
-3
Convert 2 (base 14) to base 2.
10
-2011 (base 3) to base 5
-213
-1 (base 9) to base 15
-1
What is -5 (base 13) in base 7?
-5
Convert 110 (base 2) to base 4.
12
Convert 1321 (base 4) to base 2.
1111001
Convert -101 (base 2) to base 14.
-5
Convert -22 (base 12) to base 10.
-26
120 (base 4) to base 3
220
What is 0 (base 3) in base 4?
0
What is -401 (base 6) in base 16?
-91
Convert -120 (base 4) to base 2.
-11000
3 (base 11) to base 8
3
What is a (base 16) in base 11?
a
Convert b (base 12) to base 5.
21
221 (base 3) to base 13
1c
What is -45 (base 10) in base 3?
-1200
Convert 15 (base 10) to base 16.
f
Convert -a3 (base 14) to base 7.
-263
What is 10 (base 11) in base 15?
b
-4 (base 13) to base 4
-10
1bb (base 13) to base 11
274
-13 (base 6) to base 8
-11
-77 (base 15) to base 10
-112
-120 (base 11) to base 6
-355
Convert 0 (base 6) to base 5.
0
-2 (base 16) to base 10
-2
What is -234 (base 7) in base 3?
-11120
-1 (base 8) to base 9
-1
Convert -37 (base 12) to base 9.
-47
What is -10 (base 6) in base 13?
-6
What is 24 (base 7) in base 14?
14
What is 17 (base 16) in base 7?
32
Convert -4 (base 8) to base 7.
-4
-5 (base 10) to base 5
-10
-110 (base 2) to base 13
-6
What is -8 (base 11) in base 13?
-8
Convert -80 (base 14) to base 2.
-1110000
Convert 24 (base 10) to base 6.
40
Convert 102011 (base 3) to base 12.
211
Convert 101111 (base 2) to base 11.
43
-332 (base 4) to base 6
-142
What is 2 (base 7) in base 9?
2
What is 111 (base 2) in base 4?
13
What is -4 (base 11) in base 5?
-4
2 (base 11) to base 13
2
Convert -401 (base 7) to base 15.
-d2
What is -15 (base 10) in base 3?
-120
What is 0 (base 13) in base 15?
0
Convert 20 (base 8) to base 6.
24
Convert 22 (base 10) to base 5.
42
Convert 132 (base 6) to base 4.
320
What is 3 (base 5) in base 9?
3
11 (base 12) to base 7
16
Convert a (base 14) to base 8.
12
Convert 13 (base 7) to base 11.
a
-3 (base 13) to base 11
-3
Convert -1 (base 9) to base 6.
-1
10 (base 6) to base 11
6
Convert 2 (base 13) to base 5.
2
-2 (base 7) to base 5
-2
-11 (base 16) to base 14
-13
What is -3 (base 7) in base 16?
-3
Convert 3 (base 12) to base 5.
3
18 (base 14) to base 3
211
Convert 40 (base 12) to base 13.
39
Convert 1 (base 15) to base 5.
1
What is 4 (base 9) in base 2?
100
Convert 13 (base 10) to base 15.
d
What is -7 (base 15) in base 5?
-12
What is 6 (base 16) in base 7?
6
Convert 9 (base 15) to base 10.
9
-1 (base 7) to base 9
-1
What is -101011 (base 2) in base 10?
-43
-2 (base 3) to base 2
-10
21 (base 14) to base 4
131
What is -12 (base 3) in base 11?
-5
-361 (base 8) to base 6
-1041
4 (base 15) to base 16
4
What is 2 (base 15) in base 9?
2
What is -17 (base 16) in base 11?
-21
What is -25 (base 7) in base 8?
-23
What is -134 (base 7) in base 6?
-202
What is -2 (base 12) in base 14?
-2
What is -4 (base 11) in base 5?
-4
Convert -27 (base 12) to base 14.
-23
Convert 7 (base 15) to base 11.
7
402 (base 7) to base 11
170
Convert -21 (base 3) to base 8.
-7
-1 (base 12) to base 14
-1
What is b (base 15) in base 14?
b
-1122 (base 4) to base 12
-76
What is 13 (base 4) in base 6?
11
110010 (base 2) to base 16
32
Convert -35 (base 6) to base 11.
-21
Convert 20 (base 4) to base 13.
8
200 (base 3) to base 16
12
Convert 1 (base 2) to base 9.
1
18 (base 15) to base 16
17
What is -321 (base 4) in base 14?
-41
What is -3 (base 4) in base 2?
-11
-73 (base 9) to base 6
-150
Convert 4 (base 10) to base 3.
11
What is -100100 (base 2) in base 12?
-30
What is 212 (base 5) in base 7?
111
Convert 2 (base 6) to base 10.
2
What is -26 (base 12) in base 13?
-24
-10 (base 7) to base 9
-7
What is a (base 15) in base 14?
a
-100 (base 2) to base 15
-4
Convert -215 (base 6) to base 5.
-313
Convert 2 (base 10) to base 9.
2
What is 34 (base 11) in base 5?
122
-11 (base 3) to base 12
-4
What is 10b (base 15) in base 10?
236
Convert -19 (base 10) to base 14.
-15
What is 0 (base 13) in base 8?
0
What is -10 (base 2) in base 13?
-2
Convert 77 (base 11) to base 13.
66
Convert 9 (base 11) to base 5.
14
What is -6 (base 10) in base 3?
-20
Convert 16 (base 8) to base 4.
32
Convert -3 (base 14) to base 6.
-3
Convert -81 (base 16) to base 3.
-11210
What is 1 (base 13) in base 3?
1
-1 (base 13) to base 4
-1
Convert 13 (base 8) to base 7.
14
What is -61 (base 14) in base 13?
-67
What is 0 (base 14) in base 6?
0
Convert -12 (base 6) to base 16.
-8
Convert -35 (base 13) to base 12.
-38
What is 0 (base 7) in base 13?
0
What is -101 (base 2) in base 7?
-5
Convert -251 (base 6) to base 3.
-10211
3 (base 9) to base 11
3
What is a (base 16) in base 4?
22
Convert 169 (base 11) to base 2.
110001